{"id":24227,"date":"2024-03-11T10:18:12","date_gmt":"2024-03-11T10:18:12","guid":{"rendered":"https:\/\/svp.wine\/?page_id=24227"},"modified":"2024-03-14T16:21:52","modified_gmt":"2024-03-14T16:21:52","slug":"contactos","status":"publish","type":"page","link":"https:\/\/svp.wine\/en\/contactos\/","title":{"rendered":"Contact"},"content":{"rendered":"<p>\u00a0E.N.379 Km 34,7 S\u00edtio da Lage, 2950-302 Palmela<\/p>\r\n<p><a href=\"mailto:info@palmelawineco.pt\">info@palmelawineco.pt<\/a><\/p>\r\n<p><a href=\"tel:+351 212 351 264\">+351 212 351 264<\/a><\/p>\r\n<p>Monday to Friday<\/p>\r\n<p>10:00-13:00, 14:30-19:00<\/p>\r\n<h3>CONTACT US<\/h3>\r\n<p>If you have any questions, suggestions, or complaints, please contact us. We will respond shortly.<\/p>\r\n<p><iframe src=\"https:\/\/www.google.com\/maps\/embed\/v1\/place?q=Sociedade+Vin%C3%ADcola+de+Palmela&amp;key=AIzaSyD09zQ9PNDNNy9TadMuzRV_UsPUoWKntt8\" aria-hidden=\"true\"><\/iframe><\/p>","protected":false},"excerpt":{"rendered":"<p>\u00a0E.N.379 Km 34,7 S\u00edtio da Lage, 2950-302 Palmela info@palmelawineco.pt +351 212 351 264 Segunda a Sexta 10:00-13:00, 14:30-19:00 FALE CONNOSCO Se tem alguma quest\u00e3o, sugest\u00e3o ou reclama\u00e7\u00e3o, por favor contacte-nos. Responderemos em breve.<\/p>","protected":false},"author":1,"featured_media":23822,"parent":0,"menu_order":0,"comment_status":"closed","ping_status":"closed","template":"","meta":{"_joinchat":[],"footnotes":""},"class_list":["post-24227","page","type-page","status-publish","has-post-thumbnail","hentry"],"_links":{"self":[{"href":"https:\/\/svp.wine\/en\/wp-json\/wp\/v2\/pages\/24227","targetHints":{"allow":["GET"]}}],"collection":[{"href":"https:\/\/svp.wine\/en\/wp-json\/wp\/v2\/pages"}],"about":[{"href":"https:\/\/svp.wine\/en\/wp-json\/wp\/v2\/types\/page"}],"author":[{"embeddable":true,"href":"https:\/\/svp.wine\/en\/wp-json\/wp\/v2\/users\/1"}],"replies":[{"embeddable":true,"href":"https:\/\/svp.wine\/en\/wp-json\/wp\/v2\/comments?post=24227"}],"version-history":[{"count":8,"href":"https:\/\/svp.wine\/en\/wp-json\/wp\/v2\/pages\/24227\/revisions"}],"predecessor-version":[{"id":24502,"href":"https:\/\/svp.wine\/en\/wp-json\/wp\/v2\/pages\/24227\/revisions\/24502"}],"wp:featuredmedia":[{"embeddable":true,"href":"https:\/\/svp.wine\/en\/wp-json\/wp\/v2\/media\/23822"}],"wp:attachment":[{"href":"https:\/\/svp.wine\/en\/wp-json\/wp\/v2\/media?parent=24227"}],"curies":[{"name":"wp","href":"https:\/\/api.w.org\/{rel}","templated":true}]}}

<p> E.N.379 Km 34,7 Sítio da Lage, 2950-302 Palmela</p>
<p><a href="mailto:info@palmelawineco.pt">info@palmelawineco.pt</a></p>
<p><a href="tel:+351 212 351 264">+351 212 351 264</a></p>
<p>Monday to Friday</p>
<p>10:00-13:00, 14:30-19:00</p>
<h3>CONTACT US</h3>
<p>If you have any questions, suggestions, or complaints, please contact us. We will respond shortly.</p>
<p><iframe src="https://www.google.com/maps/embed/v1/place?q=Sociedade+Vin%C3%ADcola+de+Palmela&amp;key=AIzaSyD09zQ9PNDNNy9TadMuzRV_UsPUoWKntt8" aria-hidden="true"></iframe></p>

<p> E.N.379 Km 34,7 Sítio da Lage, 2950-302 Palmela info@palmelawineco.pt +351 212 351 264 Segunda a Sexta 10:00-13:00, 14:30-19:00 FALE CONNOSCO Se tem alguma questão, sugestão ou reclamação, por favor contacte-nos. Responderemos em breve.</p>
